 40?
8
What is the highest common divisor of 1504 and 4?
4
What is the greatest common factor of 265 and 4346?
53
Calculate the highest common factor of 504 and 936.
72
What is the greatest common factor of 6 and 24?
6
Calculate the highest common divisor of 6 and 13116.
6
What is the greatest common factor of 453 and 12?
3
What is the highest common factor of 700 and 7420?
140
What is the greatest common divisor of 2760 and 240?
120
What is the greatest common divisor of 112 and 240?
16
Calculate the greatest common divisor of 5025 and 2613.
201
Calculate the highest common factor of 6797 and 7.
7
Calculate the highest common divisor of 781 and 55.
11
What is the greatest common divisor of 1490 and 20?
10
Calculate the highest common factor of 170 and 9265.
85
Calculate the highest common factor of 4930 and 170.
170
Calculate the highest common factor of 132 and 495.
33
Calculate the greatest common divisor of 564 and 36.
12
What is the highest common factor of 35 and 959?
7
Calculate the greatest common factor of 51 and 34.
17
What is the greatest common divisor of 11 and 25267?
11
What is the greatest common factor of 3087 and 2079?
63
What is the highest common factor of 395 and 79?
79
What is the greatest common divisor of 10 and 670?
10
What is the greatest common factor of 11058 and 570?
114
Calculate the highest common divisor of 1510 and 260.
10
Calculate the greatest common divisor of 6254 and 118.
118
What is the highest common divisor of 1152 and 18?
18
Calculate the highest common divisor of 45 and 3540.
15
What is the highest common divisor of 247 and 38?
19
Calculate the greatest common divisor of 270 and 432.
54
What is the highest common divisor of 35 and 1085?
35
Calculate the greatest common factor of 64 and 12288.
64
Calculate the highest common factor of 35 and 112.
7
Calculate the greatest common factor of 8 and 56.
8
What is the highest common factor of 40 and 1096?
8
What is the greatest common factor of 27 and 5769?
9
What is the highest common factor of 855 and 171?
171
What is the highest common factor of 15 and 24?
3
Calculate the highest common factor of 105 and 120.
15
What is the greatest common factor of 110 and 70?
10
What is the greatest common divisor of 280 and 1880?
40
Calculate the greatest common divisor of 30 and 1275.
15
Calculate the greatest common divisor of 150 and 24450.
150
What is the greatest common factor of 57 and 12?
3
What is the greatest common divisor of 102 and 799?
17
Calculate the greatest common divisor of 3201 and 33.
33
What is the greatest common factor of 1776 and 16?
16
Calculate the highest common factor of 16 and 1112.
8
What is the greatest common divisor of 27 and 8199?
9
What is the highest common divisor of 3744 and 36?
36
Calculate the highest common divisor of 420 and 588.
84
Calculate the highest common factor of 6231 and 124.
31
What is the greatest common divisor of 7785 and 135?
45
What is the highest common factor of 56000 and 320?
320
Calculate the greatest common divisor of 112 and 28.
28
Calculate the highest common factor of 15 and 3615.
15
What is the greatest common factor of 261 and 290?
29
Calculate the highest common divisor of 120 and 1035.
15
What is the greatest common divisor of 1088 and 16?
16
What is the highest common divisor of 248 and 217?
31
Calculate the highest common divisor of 12366 and 234.
18
Calculate the greatest common factor of 175 and 105.
35
Calculate the highest common divisor of 1368 and 4617.
171
Calculate the highest common divisor of 63 and 72.
9
Calculate the greatest common factor of 42 and 8337.
21
Calculate the greatest common divisor of 77 and 33.
11
What is the greatest common factor of 121 and 7744?
121
What is the highest common factor of 30 and 1125?
15
What is the highest common divisor of 65 and 442?
13
Calculate the greatest common factor of 1128 and 984.
24
Calculate the greatest common divisor of 3956 and 8.
4
What is the highest common divisor of 168 and 1824?
24
What is the greatest common divisor of 184 and 253?
23
Calculate the greatest common factor of 255 and 612.
51
What is the greatest common factor of 1485 and 15?
15
What is the greatest common divisor of 12 and 921?
3
What is the highest common divisor of 700 and 900?
100
Calculate the greatest common factor of 87 and 957.
87
What is the highest common divisor of 20 and 980?
20
What is the greatest common factor of 94 and 4?
2
What is the highest common divisor of 704 and 992?
32
What is the greatest common factor of 111 and 2553?
111
Calculate the highest common factor of 15 and 6675.
15
What is the highest common factor of 560 and 240?
80
Calculate the highest common divisor of 210 and 910.
70
Calculate the highest common factor of 14 and 350.
14
Calculate the highest common factor of 12 and 2778.
6
What is the greatest common divisor of 1776 and 144?
48
What is the greatest common divisor of 231 and 3311?
77
Calculate the greatest common factor of 3551 and 67.
67
Calculate the greatest common divisor of 851 and 736.
23
What is the highest common divisor of 518 and 111?
37
What is the highest common factor of 1333 and 248?
31
Calculate the highest common divisor of 119 and 68.
17
Calculate the highest common factor of 1449 and 63.
63
What is the greatest common divisor of 64 and 24?
8
What is the highest common divisor of 246 and 210?
6
Calculate the greatest common factor of 17 and 14569.
17
Calculate the greatest common divisor of 6 and 318.
6
Calculate the highest common factor of 46 and 391.
23
Calculate the highest common divisor of 285 and 4104.
57
Calculate the greatest common factor of 32 and 4912.
16
What is the greatest common divisor of 63 and 36?
9
What is the greatest common divisor of 900 and 20?
20
Calculate the greatest common factor of 196 and 44.
4
What is the greatest common factor of 1116 and 13764?
372
Calculate the greatest common factor of 12 and 228.
12
Calculate the greatest common factor of 35 and 70.
35
Calculate the highest common divisor of 955 and 5.
5
Calculate the highest common divisor of 20 and 40.
20
Calculate the greatest common divisor of 55 and 209.
11
What is the highest common factor of 635 and 10?
5
Calculate the greatest common divisor of 15599 and 38.
19
Calculate the highest common divisor of 1 and 1.
1
What is the greatest common divisor of 192 and 174?
6
Calculate the highest common factor of 33 and 7799.
11
Calculate the greatest common divisor of 180 and 1300.
20
What is the greatest common factor of 183 and 3?
3
Calculate the greatest common factor of 175 and 50.
25
Calculate the highest common divisor of 702 and 1248.
78
Calculate the greatest common factor of 20 and 5965.
5
Calculate the highest common divisor of 152 and 88.
8
Calculate the greatest common factor of 42 and 56.
14
Calculate the highest common factor of 405 and 54.
27
What is the highest common divisor of 10 and 6550?
10
What is the greatest common factor of 60 and 140?
20
Calculate the highest common divisor of 513 and 133.
19
What is the highest common divisor of 2352 and 4802?
98
Calculate the greatest common factor of 8 and 4024.
8
Calculate the highest common divisor of 822 and 6.
6
What is the greatest common divisor of 781 and 2414?
71
Calculate the greatest common factor of 3406 and 52.
26
Calculate the greatest common divisor of 14 and 70.
14
What is the greatest common factor of 95 and 4465?
95
Calculate the highest common factor of 53 and 424.
53
What is the greatest common divisor of 648 and 2880?
72
Calculate the highest common factor of 9285 and 45.
15
What is the highest common divisor of 8028 and 18?
18
Calculate the highest common divisor of 517 and 11.
11
Calculate the greatest common divisor of 1014 and 650.
26
What is the greatest common factor of 6 and 10?
2
Calculate the highest common factor of 322 and 70.
14
What is the greatest common factor of 92312 and 88?
88
What is the highest common factor of 5871 and 38?
19
Calculate the highest common divisor of 148 and 9139.
37
Calculate the highest common factor of 2115 and 135.
45
What is the highest common factor of 1334 and 406?
58
What is the highest common factor of 2607 and 66?
33
Calculate the highest common factor of 3 and 657.
3
Calculate the highest common fact